t of (-18)/6*(-7)/3?
7
Let r(w) = -w**3 - 2*w**2. Suppose -1 = s + n, 5*s - s + 7 = -n. Let z be r(s). Suppose -4*x + 30 + 10 = z. What is the tens digit of x?
1
Let r be 3 - (0 + -2 + 0). Suppose 94 = 3*i + 2*q, -r*q = 5 - 0. What is the units digit of i?
2
What is the units digit of -4*((1 - -3) + -3 + -3)?
8
Suppose 4*r = -21 - 7. Let d be (26/14 + -1)*r. Let v = d - -14. What is the units digit of v?
8
Let r(q) = -40*q - 8. What is the tens digit of r(-6)?
3
Let r(a) = -a**2 - 7*a - 4. Let m be r(-6). What is the units digit of (m + 3/(-2))*4?
2
Suppose -2*h + 3 = -h + 5*t, 2*t = -5*h - 54. What is the units digit of (-6)/h*(-2 - -14)?
6
What is the hundreds digit of (-912)/(-9) + (-3)/9 + 0?
1
Suppose -6 + 2 = 4*k. Let u = k + 6. What is the units digit of u?
5
Let v(j) = -j**2 - j + 2. Let x be v(-2). Suppose x = -d + 2. What is the units digit of d?
2
Suppose 0 = -3*a - 5*k + 9 + 16, 3*k = -4*a + 26. Let p(z) = z**2 - 5*z + 7. What is the units digit of p(a)?
7
Suppose 0*p = 2*p. Let n = 26 + 18. Suppose -5*h + m + n = p, 2 + 2 = -h - 3*m. What is the units digit of h?
8
Let m(v) = v**2 + 14*v - 9. What is the tens digit of m(-17)?
4
Suppose 3*m - 47 = 118. What is the tens digit of m?
5
Suppose -y + 6 = 3. Suppose 8 = 3*c + c. Suppose -c*z - f + 32 = y*f, 5*f = -3*z + 43. What is the units digit of z?
6
Suppose -i - 2*i + 18 = 0. Let m = i - 4. What is the units digit of m?
2
Let w(i) = i**3 - 3*i**2 - i - 5. Let j(d) = -d**3 + 2*d**2 + 2*d + 6. Let g(l) = -5*j(l) - 6*w(l). Let y = -5 - -12. What is the units digit of g(y)?
1
Let r(i) = i**2 + i + 32. Let t be r(0). Suppose o - 4*y - t = 2*o, 0 = -y - 3. What is the tens digit of (o/(1 - 0))/(-1)?
2
Let u(y) = -10*y - 2. Suppose 4*n = -n - 30. Let f be u(n). What is the units digit of (-5)/(-15) - f/(-6)?
0
Let k(b) = 2*b + 3. Let g be k(3). Let u = -17 - -12. Let y = u + g. What is the units digit of y?
4
Let s = 8 - 4. Suppose 0 = 5*w - s*a - 440, -5*w + 440 = -2*a - a. Suppose -z = -3*u + 56, -5*u + w = -0*z + z. What is the units digit of u?
8
Let p = -69 - -117. Suppose -2*l + p = 2*l. What is the tens digit of l?
1
Let k(r) = -2*r**2 - 2*r - 1. Let j be k(-1). Suppose 0 = -w - 2*w - 27. Let g = j - w. What is the units digit of g?
8
Let k(l) = l**3 - 9*l**2 - 10*l - 9. Let b be k(10). Let z(a) = -2*a - 12. What is the units digit of z(b)?
6
Suppose w = -0*w. Let k = w + 2. Suppose -p - 3*t = -1, -k*t - 3*t - 17 = -3*p. What is the units digit of p?
4
Let w(v) = -v**2 - 2*v + 41. What is the tens digit of w(0)?
4
Let g(q) = -q**2 + 7*q + 1. Let b be g(6). Suppose 0 = 3*j - 26 - 34. Let i = j - b. What is the tens digit of i?
1
Let r = -6 + 14. What is the units digit of 1/2 + 140/r?
8
Let s = 5 - 2. Suppose -s*b = -w - w + 4, -w + 12 = -4*b. Let t = 0 - b. What is the units digit of t?
4
Let h = -1 - -3. Suppose h*p - 21 = 11. What is the units digit of p?
6
Suppose -o + 3*f + 0*f + 26 = 0, 3*o = -f + 68. What is the units digit of o?
3
Let b = 16 - 9. What is the units digit of b?
7
Let f(m) = -m**2 + 12*m - 5. What is the units digit of f(6)?
1
Let y(v) = 2 + 4*v + 0*v - 4. Let x(s) = 3*s - 1. Let d(k) = -3*x(k) + 2*y(k). What is the units digit of d(-2)?
1
Let j(s) = -s**3 - 3*s**2 + 3*s - 6. Let o be j(-5). Suppose -o = -2*l - 9. What is the units digit of l?
0
Let q = 12 - 7. Let h(b) = -b**3 + 5*b**2 + 6*b - 1. What is the units digit of h(q)?
9
Let s(m) = m**3 - 12*m**2 + 11*m + 8. Let o(u) = -u - 2. Let w be o(-6). Suppose z - 7 = w. What is the units digit of s(z)?
8
Let s be (-20)/(-1)*2/4. Suppose n + 20 = -3*a, -n = 4*n - 3*a + s. Let t(o) = o**3 + 4*o**2 - 7*o - 5. What is the units digit of t(n)?
5
Let p be (1/(-3))/(1/(-3)). Let c be -9 - (-1 + 1 + 0). What is the units digit of p - 3 - (c - -1)?
6
Let q(p) = 5 - 2*p + p - 1 + 13. What is the units digit of q(7)?
0
What is the units digit of 1/(15/(-6))*-35?
4
Let z = -5 + 46. What is the units digit of z?
1
Let l(s) = -s**2 + 9*s - 3. Let z be (-2)/(-7) - 156/(-42). Suppose v - 4*v - 29 = -z*r, -v = r - 9. What is the units digit of l(r)?
5
Suppose 0*h - 2*h + 111 = 3*n, 3*h = -4*n + 164. What is the units digit of h?
8
What is the units digit of 70 + 3/(-6)*2?
9
Let g be -1 + 3 - (-3 - 0). Suppose 5*q - 7 = 2*y, -q + g*y = 11 + 6. What is the units digit of 38/8 - q/4?
4
Suppose -y - 3*n + 112 = 0, -4*y + 350 = -y + 2*n. What is the tens digit of y?
1
Let p = -27 - -28. Let j be 13 - -1 - (1 + -1). What is the tens digit of j + 3 - 2 - p?
1
Suppose -5*b + 2*b = -5*m + 15, 0 = -5*b. Suppose -3*j - 9 = m*q, q = 4*j + 11 + 11. Suppose z + 3*p = -q*z, 3*p = 2*z - 5. What is the units digit of z?
1
Suppose 10 + 0 = 5*p. Suppose -3*o + 3 = v + 19, -o - 3 = -p*v. Let w = -2 - o. What is the units digit of w?
3
Let d = 2 - -46. What is the tens digit of d?
4
Suppose -5*p = -0 - 10. Suppose -p = -a + 14. What is the tens digit of a?
1
Let y(x) = -6*x + 9. Let a be y(5). Let v = -10 - a. What is the tens digit of v?
1
Let l(u) = u**3 + 2*u**2 + 4*u - 5. What is the units digit of l(3)?
2
Suppose -p - 1 = -9. What is the units digit of p?
8
Suppose 5*t - 30 = -4*a, 4*a - 3*a + 5*t - 15 = 0. Suppose -2*o + a*o = 39. What is the units digit of o?
3
Suppose 4*p - 2*v - 216 = 2*v, 3*p - 162 = v. What is the units digit of p?
4
Let d(j) = -j**3 - 13*j**2 - 17*j - 33. What is the tens digit of d(-12)?
2
Suppose 3*p - 2*i = -11, 11 = -0*p - 5*p - 4*i. What is the units digit of ((-8)/(-6))/((-2)/p)?
2
What is the hundreds digit of (313*(-3)/3)/(-1)?
3
Let g be 130/4*20/25. What is the units digit of 156/7 + g/(-91)?
2
What is the tens digit of (82 - -1) + (-7 - (6 - 11))?
8
Suppose 5*o + 2 = 3*h + o, 5*o = 3*h - 7. What is the tens digit of h/(-5)*520/39?
1
Suppose o = 3*w + 41, 0 = 2*o + 5*w + 7 - 56. What is the tens digit of o?
3
What is the units digit of -6*3*(-18)/9?
6
What is the tens digit of (-3)/((-231)/14) - 471/(-11)?
4
Let b(v) = v**3 + 20*v**2 - 53*v - 33. What is the units digit of b(-22)?
5
Let d(g) = g - 1. Let v be d(3). Suppose -v*t + 3 = -5. What is the units digit of t?
4
Let p be (-1 - (-2 + 2))/(-1). Let k = p + 1. Suppose 2*m - k*f = -7*f + 15, -5*f = m - 10. What is the units digit of m?
5
Let k(z) = 2*z + 10. Let o be k(-3). Suppose 2*b + o = g - 0*b, 0 = 4*g - 4*b - 16. What is the units digit of g?
4
Let m be (-6)/(-4)*(-8)/(-12). Let a = m - -6. Let n = a + 2. What is the units digit of n?
9
What is the tens digit of (-4)/8*4 + 43?
4
Let k be (-20)/(-3) - (-6)/(-9). Suppose 3*i = -k*d + 3*d + 12, 4*i + 2*d = 18. What is the units digit of i?
5
Suppose -29 = -4*d - 1. What is the units digit of d?
7
What is the tens digit of (-1737)/(-36) - 3/(-4)?
4
Let r be (3/1)/(4 + -3). Suppose 5*w = -5, 2*w = r*c + 2*c + 118. Let b = -15 - c. What is the units digit of b?
9
Suppose 2*g = 2*c + 3*c + 28, g = -1. Let h(i) = -i**3 - 5*i**2 + 2*i - 6. Let b be h(c). Suppose -3*f + 9 + b = 0. What is the units digit of f?
9
Suppose 0 = 4*q + q - 30. Suppose -285 = 3*r - q*r. Suppose 5*w - r = l, 0*w - 4*l + 76 = 4*w. What is the units digit of w?
9
Suppose 2*k - 6 = -0*k. Let i = 4 - k. What is the units digit of i?
1
Let f = 34 + -59. Let t(b) = b**3 + 4*b**2 - 2*b - 1. Let y be t(-5). Let p = y - f. What is the units digit of p?
9
Let k = 9 - 4. Let t be -1 + (-4)/(2 - 3). Suppose 0 = -t*f + 1 + k. What is the units digit of f?
2
Let u = -5 - -15. Suppose u = 5*p - 0*p. What is the units digit of p?
2
Let p be (-1)/5 - 58/10. Let g be (-4)/p*(-3 + 6). Suppose -3*o + 65 = g*o. What is the units digit of o?
3
Suppose -5*z - 61 = -5*j - 6, 22 = -2*z - 2*j. Let y = -19 - z. Let v = y - -23. What is the tens digit of v?
1
Let i(c) = c**3 - 7*c**2 + c - 5. Let q be i(7). Suppose -9 - 25 = -q*y. Suppose -3*v - y = -t + v, 4*v = 2*t - 22. What is the units digit of t?
5
Suppose 4*p - 121 + 17 = 0. What is the tens digit of p?
2
Suppose 4*h - 116 = -5*z, 4*h - 3*z = 2*z + 76. Suppose h = -u + 2*u. Suppose 3*c + 0 = u. What is the units digit of c?
8
What is the tens digit of (-2)/(-2)*-1 - -23?
2
Let q(f) be the first derivative of f**2/2 + 10*f + 8. What is the units digit of q(0)?
0
Let c(t) = 2*t**2 + t - 1. Let s be c(2). Suppose j + 2 = -1, 0 = q + 4*j + s. What is the units digit of q?
3
Let a = -2 - -4. What is the